{"id":20106,"date":"2026-03-10T13:15:18","date_gmt":"2026-03-10T11:15:18","guid":{"rendered":"https:\/\/suplimentopia.ro\/?product=batoane-de-scortisoara-ceylon-40-g-solaris"},"modified":"2026-03-10T13:15:18","modified_gmt":"2026-03-10T11:15:18","slug":"batoane-de-scortisoara-ceylon-40-g-solaris","status":"publish","type":"product","link":"https:\/\/suplimentopia.ro\/?product=batoane-de-scortisoara-ceylon-40-g-solaris","title":{"rendered":"Batoane de scortisoara Ceylon, 40 g, Solaris"},"content":{"rendered":"<p>Scortisoara Ceylon, cunoscuta si sub numele de &#8222;scortisoara adevarata&#8221; sau &#8222;Cinnamomum verum&#8221;, este un tip de scortisoara originar din Sri Lanka, care este considerata a fi de calitate superioara in comparatie cu alte tipuri de scortisoara, cum ar fi scortisoara Cassia.Scortisoara Cassia contine niveluri mai ridicate de cumarina, un compus care, in cantitati mari, poate fi toxic si poate provoca leziuni hepatice. Scortisoara Ceylon contine mult mai putina cumarina, facand-o o alegere mai sigura pentru consumul zilnic.Scortisoara Ceylon este de obicei mai scumpa decat scortisoara Cassia din cauza procesului de recoltare mai complex si a calitatii<\/p>\n<p><strong>Propriet\u0103\u021bi<\/strong><\/p>\n<ul>\n<li><strong>Scor\u021bi\u0219oara Ceylon pur\u0103<\/strong>: Spre deosebire de scor\u021bi\u0219oara cassia, scor\u021bi\u0219oara Ceylon este considerat\u0103 &#8222;veritabil\u0103&#8221; \u0219i are un gust mai delicat \u0219i mai dulce, fiind bogat\u0103 \u00een antioxidan\u021bi \u0219i compu\u0219i antiinflamatori.<\/li>\n<li><strong>S\u0103n\u0103tate<\/strong>: Con\u021binutul ridicat de antioxidan\u021bi ajut\u0103 la combaterea stresului oxidativ, iar propriet\u0103\u021bile antiinflamatorii pot contribui la reducerea inflama\u021biei din organism.<\/li>\n<li><strong>Beneficii digestive<\/strong>: Scor\u021bi\u0219oara Ceylon este cunoscut\u0103 pentru capacitatea sa de a sprijini s\u0103n\u0103tatea digestiv\u0103 \u0219i de a stimula metabolismul.<\/li>\n<li><strong>Gust intens \u0219i natural<\/strong>: Aroma sa dulce \u0219i u\u0219or picant\u0103 este perfect\u0103 pentru b\u0103uturi, deserturi, sau ca aditiv \u00een m\u00e2nc\u0103ruri savuroase.<\/li>\n<\/ul>\n<p><strong>Mod de utilizare<\/strong>:Batoanele de scor\u021bi\u0219oar\u0103 Ceylon pot fi folosite pentru a ad\u0103uga arom\u0103 b\u0103uturilor calde, precum ceai sau cafea, sau \u00een deserturi cum ar fi pl\u0103cinte \u0219i biscui\u021bi. Pot fi \u0219i infuzate \u00een lichide sau folosite pentru a \u00eembog\u0103\u021bi preparatele de carne sau sosurile.<\/p>\n<p><strong>Precautii<\/strong>In cantitati mari, poate fi toxic si poate provoca leziuni hepatice.A se pastra la loc uscat si racoros<\/p>\n<p><strong>Ingrediente<\/strong><em>100% batoane scortisoara Ceylon.<\/em><\/p>\n<p><strong>Tara de origine\u00a0<\/strong>Sri Lanka<\/p>\n<p><strong>Prezentare\u00a0<\/strong>40 g<\/p>\n","protected":false},"excerpt":{"rendered":"<p>Scortisoara Ceylon, cunoscuta si sub numele de &#8222;scortisoara adevarata&#8221; sau &#8222;Cinnamomum verum&#8221;, este un tip de scortisoara originar din Sri<\/p>\n","protected":false},"featured_media":25717,"comment_status":"open","ping_status":"closed","template":"","meta":[],"product_brand":[],"product_cat":[146],"product_tag":[],"class_list":{"0":"post-20106","1":"product","2":"type-product","3":"status-publish","4":"has-post-thumbnail","6":"product_cat-condimente","8":"first","9":"instock","10":"shipping-taxable","11":"purchasable","12":"product-type-simple"},"_links":{"self":[{"href":"https:\/\/suplimentopia.ro\/index.php?rest_route=\/wp\/v2\/product\/20106","targetHints":{"allow":["GET"]}}],"collection":[{"href":"https:\/\/suplimentopia.ro\/index.php?rest_route=\/wp\/v2\/product"}],"about":[{"href":"https:\/\/suplimentopia.ro\/index.php?rest_route=\/wp\/v2\/types\/product"}],"replies":[{"embeddable":true,"href":"https:\/\/suplimentopia.ro\/index.php?rest_route=%2Fwp%2Fv2%2Fcomments&post=20106"}],"version-history":[{"count":0,"href":"https:\/\/suplimentopia.ro\/index.php?rest_route=\/wp\/v2\/product\/20106\/revisions"}],"wp:featuredmedia":[{"embeddable":true,"href":"https:\/\/suplimentopia.ro\/index.php?rest_route=\/wp\/v2\/media\/25717"}],"wp:attachment":[{"href":"https:\/\/suplimentopia.ro\/index.php?rest_route=%2Fwp%2Fv2%2Fmedia&parent=20106"}],"wp:term":[{"taxonomy":"product_brand","embeddable":true,"href":"https:\/\/suplimentopia.ro\/index.php?rest_route=%2Fwp%2Fv2%2Fproduct_brand&post=20106"},{"taxonomy":"product_cat","embeddable":true,"href":"https:\/\/suplimentopia.ro\/index.php?rest_route=%2Fwp%2Fv2%2Fproduct_cat&post=20106"},{"taxonomy":"product_tag","embeddable":true,"href":"https:\/\/suplimentopia.ro\/index.php?rest_route=%2Fwp%2Fv2%2Fproduct_tag&post=20106"}],"curies":[{"name":"wp","href":"https:\/\/api.w.org\/{rel}","templated":true}]}}