{"id":24784,"date":"2026-03-10T13:52:38","date_gmt":"2026-03-10T11:52:38","guid":{"rendered":"https:\/\/suplimentopia.ro\/?product=forcapil-anti-caderea-parului-30-comprimate-filmate-arkopharma"},"modified":"2026-03-10T13:52:38","modified_gmt":"2026-03-10T11:52:38","slug":"forcapil-anti-caderea-parului-30-comprimate-filmate-arkopharma","status":"publish","type":"product","link":"https:\/\/suplimentopia.ro\/?product=forcapil-anti-caderea-parului-30-comprimate-filmate-arkopharma","title":{"rendered":"Forcapil anti-caderea parului, 30 comprimate filmate, Arkopharma"},"content":{"rendered":"<p><strong>Proprietati:<\/strong><\/p>\n<ul>\n<li>\u00a0contine feriga Parul-Maicii-Domnului, poate contribui la mentinerea sanatatii parului si preintampina caderea parului;<\/li>\n<li>\u00a0vitamina B8\/biotina, zincul si coada-calului pot contribui la mentinerea sanatatii parului.<\/li>\n<\/ul>\n<p><strong>Mod de administrare:<\/strong>Incepand de la varsta de 15 ani, 1 comprimat pe zicu un pahar mare de apa, la micul dejun.\u00a0Pentru a corespunde cu durata ciclului de crestere a parului, este recomandata utilizarea produsului timp de minimum 3 luni.\u00a0<\/p>\n<p><strong>Ingrediente:<\/strong>L-cistina; L-metionina; extract din parti aeriene de Parul Maicii Domnului (Adiantum capillus-veneris); pulbere din parti aeriane de Coada-calului (Equisetum arvense); agenti de glazurare: hidroxipropilmetilceluloza, carbonat de calciu, celuloza , acid stearic, hidroxipropilceluloza, coloranti:caramel simplu, concentrat de mar, coacaze negre si ridiche; oxid de zinc, gluconat de cupru, vitamina B5\/pantotenat de calciu, vitamina B6\/clorhidrat de piridoxina, L-arginina baza; agent antiaglomerant: stearat de magneziu, vitamina D3\/colecalciferol, vitamina B8\/biotina, vitamina B9\/acid folic.<\/p>\n<p><strong>Precautii:<\/strong>Exclusiv pentru uz intern.Nu este recomandat \u00een timpul sarcinii \u0219i al\u0103pt\u0103rii.\u00cen cazul tratamentului antidiabetic, cere\u021bi sfatul medicului dumneavoastr\u0103.Nu dep\u0103\u0219i\u021bi doza zilnic\u0103 recomandat\u0103.Un supliment alimentar nu trebuie s\u0103 \u00eenlocuiasc\u0103 o diet\u0103 variat\u0103 \u0219i echilibrat\u0103 \u0219i un stil de via\u021b\u0103 s\u0103n\u0103tos.A nu se l\u0103sa la \u00eendem\u00e2na copiilor mici.A se pastra la o temperatura sub 25\u00b0C, ferit de lumina si umiditate.\u00a0Poate ap\u0103rea o u\u0219oar\u0103 varia\u021bie de culoare datorit\u0103 caracterului natural al ingredientelor, dar nu afecteaz\u0103 \u00een niciun fel calitatea produsului.A nu se depasi doza recomandata pentru consumul zilnic.\u00a0<\/p>\n<p><strong>Prezentare:<\/strong>30 comprimate filmate<\/p>\n","protected":false},"excerpt":{"rendered":"<p>Proprietati: \u00a0contine feriga Parul-Maicii-Domnului, poate contribui la mentinerea sanatatii parului si preintampina caderea parului; \u00a0vitamina B8\/biotina, zincul si coada-calului pot<\/p>\n","protected":false},"featured_media":33148,"comment_status":"open","ping_status":"closed","template":"","meta":[],"product_brand":[],"product_cat":[483],"product_tag":[],"class_list":{"0":"post-24784","1":"product","2":"type-product","3":"status-publish","4":"has-post-thumbnail","6":"product_cat-vitamine-piele-par-si-unghii","8":"first","9":"instock","10":"shipping-taxable","11":"purchasable","12":"product-type-simple"},"_links":{"self":[{"href":"https:\/\/suplimentopia.ro\/index.php?rest_route=\/wp\/v2\/product\/24784","targetHints":{"allow":["GET"]}}],"collection":[{"href":"https:\/\/suplimentopia.ro\/index.php?rest_route=\/wp\/v2\/product"}],"about":[{"href":"https:\/\/suplimentopia.ro\/index.php?rest_route=\/wp\/v2\/types\/product"}],"replies":[{"embeddable":true,"href":"https:\/\/suplimentopia.ro\/index.php?rest_route=%2Fwp%2Fv2%2Fcomments&post=24784"}],"version-history":[{"count":0,"href":"https:\/\/suplimentopia.ro\/index.php?rest_route=\/wp\/v2\/product\/24784\/revisions"}],"wp:featuredmedia":[{"embeddable":true,"href":"https:\/\/suplimentopia.ro\/index.php?rest_route=\/wp\/v2\/media\/33148"}],"wp:attachment":[{"href":"https:\/\/suplimentopia.ro\/index.php?rest_route=%2Fwp%2Fv2%2Fmedia&parent=24784"}],"wp:term":[{"taxonomy":"product_brand","embeddable":true,"href":"https:\/\/suplimentopia.ro\/index.php?rest_route=%2Fwp%2Fv2%2Fproduct_brand&post=24784"},{"taxonomy":"product_cat","embeddable":true,"href":"https:\/\/suplimentopia.ro\/index.php?rest_route=%2Fwp%2Fv2%2Fproduct_cat&post=24784"},{"taxonomy":"product_tag","embeddable":true,"href":"https:\/\/suplimentopia.ro\/index.php?rest_route=%2Fwp%2Fv2%2Fproduct_tag&post=24784"}],"curies":[{"name":"wp","href":"https:\/\/api.w.org\/{rel}","templated":true}]}}